{"id":6,"date":"2023-08-08T15:23:37","date_gmt":"2023-08-08T18:23:37","guid":{"rendered":"https:\/\/aldenice.com.br\/?page_id=6"},"modified":"2023-09-07T11:22:04","modified_gmt":"2023-09-07T14:22:04","slug":"home","status":"publish","type":"page","link":"https:\/\/aldenice.com.br\/","title":{"rendered":"Home"},"content":{"rendered":"\t\t<div data-elementor-type=\"wp-page\" data-elementor-id=\"6\" class=\"elementor elementor-6\">\n\t\t\t\t\t\t<section class=\"elementor-section elementor-top-section elementor-element elementor-element-1d5ed7d elementor-section-boxed elementor-section-height-default elementor-section-height-default\" data-id=\"1d5ed7d\" data-element_type=\"section\" data-e-type=\"section\">\n\t\t\t\t\t\t<div class=\"elementor-container elementor-column-gap-default\">\n\t\t\t\t\t<div class=\"elementor-column elementor-col-100 elementor-top-column elementor-element elementor-element-d868a49\" data-id=\"d868a49\" data-element_type=\"column\" data-e-type=\"column\">\n\t\t\t<div class=\"elementor-widget-wrap elementor-element-populated\">\n\t\t\t\t\t\t<div class=\"elementor-element elementor-element-4a719b5 anwp-pg-post-teaser__post-icon--size-16 elementor-widget elementor-widget-anwp-pg-hero-block\" data-id=\"4a719b5\" data-element_type=\"widget\" data-e-type=\"widget\" data-widget_type=\"anwp-pg-hero-block.default\">\n\t\t\t\t<div class=\"elementor-widget-container\">\n\t\t\t\t\t<div class=\"anwp-pg-wrap\">\n\t<div class=\"d-flex anwp-row flex-wrap anwp-no-gutters anwp-pg-hero-block anwp-pg-posts-wrapper anwp-pg-gutter--thin\">\n\n\t\t<div class=\"anwp-col-sm-9 anwp-col-lg-6 anwp-pg-height-2x anwp-pg-hero-main-block-wrapper\">\n\t\t\t<div class=\"anwp-pg-post-teaser anwp-pg-post-teaser--layout-a anwp-pg-hero-main-block my-0\">\n\t<div class=\"anwp-pg-post-teaser__thumbnail position-relative\">\n\n\t\t\n\t\t\t\t\t<img loading=\"lazy\" class=\"anwp-pg-post-teaser__thumbnail-img d-block anwp-pg-height-230 anwp-object-cover m-0 w-100\"\n\t\t\t\talt=\"Pesquisadores da UNISA buscam solu\u00e7\u00f5es inovadoras para a dor cr\u00f4nica na doen\u00e7a de Parkinson\"\n\t\t\t\tsrc=\"https:\/\/aldenice.com.br\/wp-content\/uploads\/2024\/03\/green-trees-under-white-sky-during-daytime-scaled-e1711049661330.jpg\" \/>\n\t\t\n\t\t<div class=\"anwp-pg-post-teaser__muted_bg\"><\/div>\n\t\t<div class=\"anwp-pg-post-teaser__thumbnail-bg anwp-position-cover\"><\/div>\n\n\t\t<div class=\"anwp-pg-post-teaser__content d-flex flex-column anwp-position-cover\">\n\t\t\t<div class=\"anwp-pg-post-teaser__top-meta d-flex mb-2\">\n\t\t\t\t\t\t\t<\/div>\n\n\t\t\t\t\t\t\t<div class=\"d-flex flex-column anwp-pg-post-teaser__category-column ml-auto\">\n\t\t\t\t\t<div class=\"anwp-pg-category__wrapper-filled px-2 d-flex align-items-center anwp-pg-post-teaser__category-wrapper align-self-end anwp-pg-category-parent-0\" style=\"background-color: #1565C0\"><span>Sa\u00fade<\/span><\/div>\t\t\t\t<\/div>\n\t\t\t\n\t\t\t<div class=\"anwp-pg-post-teaser__title anwp-font-heading mt-auto mb-1\">\n\t\t\t\tPesquisadores da UNISA buscam solu\u00e7\u00f5es inovadoras para a dor cr\u00f4nica na doen\u00e7a de Parkinson\t\t\t<\/div>\n\n\t\t\t\t\t\t\t<div class=\"mb-2\"><\/div>\n\t\t\t\t\t<\/div>\n\n\t\t<a class=\"anwp-position-cover anwp-link-without-effects\" href=\"https:\/\/aldenice.com.br\/index.php\/2024\/03\/21\/pesquisadores-da-unisa-buscam-solucoes-inovadoras-para-a-dor-cronica-na-doenca-de-parkinson\/\" aria-hidden=\"true\" ><\/a>\n\t<\/div>\n<\/div>\n\t\t<\/div>\n\t\t<div class=\"anwp-col-sm-3 anwp-pg-hero-secondary-block-wrapper\">\n\t\t\t<div class=\"anwp-pg-post-teaser anwp-pg-post-teaser--layout-a anwp-pg-hero-secondary-block\">\n\t<div class=\"anwp-pg-post-teaser__thumbnail position-relative\">\n\n\t\t\n\t\t\t\t\t<img loading=\"lazy\" class=\"anwp-pg-post-teaser__thumbnail-img d-block anwp-pg-height-230 anwp-object-cover m-0 w-100\"\n\t\t\t\talt=\"Transtorno Disf\u00f3rico Pr\u00e9-Menstrual: Sintomas, Preval\u00eancia e Tratamento\"\n\t\t\t\tsrc=\"https:\/\/aldenice.com.br\/wp-content\/uploads\/2024\/03\/white-and-pink-plastic-tube-scaled.jpg\" \/>\n\t\t\n\t\t<div class=\"anwp-pg-post-teaser__muted_bg\"><\/div>\n\t\t<div class=\"anwp-pg-post-teaser__thumbnail-bg anwp-position-cover\"><\/div>\n\n\t\t<div class=\"anwp-pg-post-teaser__content d-flex flex-column anwp-position-cover\">\n\t\t\t<div class=\"anwp-pg-post-teaser__top-meta d-flex mb-2\">\n\t\t\t\t\t\t\t<\/div>\n\n\t\t\t\t\t\t\t<div class=\"d-flex flex-column anwp-pg-post-teaser__category-column ml-auto\">\n\t\t\t\t\t<div class=\"anwp-pg-category__wrapper-filled px-2 d-flex align-items-center anwp-pg-post-teaser__category-wrapper align-self-end anwp-pg-category-parent-0\" style=\"background-color: #1565C0\"><span>Sa\u00fade da Mulher<\/span><\/div>\t\t\t\t<\/div>\n\t\t\t\n\t\t\t<div class=\"anwp-pg-post-teaser__title anwp-font-heading mt-auto mb-1\">\n\t\t\t\tTranstorno Disf\u00f3rico Pr\u00e9-Menstrual: Sintomas, Preval\u00eancia e Tratamento\t\t\t<\/div>\n\n\t\t\t\t\t\t\t<div class=\"mb-2\"><\/div>\n\t\t\t\t\t<\/div>\n\n\t\t<a class=\"anwp-position-cover anwp-link-without-effects\" href=\"https:\/\/aldenice.com.br\/index.php\/2024\/03\/21\/transtorno-disforico-pre-menstrual-sintomas-prevalencia-e-tratamento\/\" aria-hidden=\"true\" ><\/a>\n\t<\/div>\n<\/div>\n<div class=\"anwp-pg-post-teaser anwp-pg-post-teaser--layout-a anwp-pg-hero-secondary-block\">\n\t<div class=\"anwp-pg-post-teaser__thumbnail position-relative\">\n\n\t\t\n\t\t\t\t\t<img loading=\"lazy\" class=\"anwp-pg-post-teaser__thumbnail-img d-block anwp-pg-height-230 anwp-object-cover m-0 w-100\"\n\t\t\t\talt=\"A influ\u00eancia dos tra\u00e7os parentais no neurodesenvolvimento das crian\u00e7as\"\n\t\t\t\tsrc=\"https:\/\/aldenice.com.br\/wp-content\/uploads\/2024\/03\/grayscale-photo-of-person-holding-flower-scaled.jpg\" \/>\n\t\t\n\t\t<div class=\"anwp-pg-post-teaser__muted_bg\"><\/div>\n\t\t<div class=\"anwp-pg-post-teaser__thumbnail-bg anwp-position-cover\"><\/div>\n\n\t\t<div class=\"anwp-pg-post-teaser__content d-flex flex-column anwp-position-cover\">\n\t\t\t<div class=\"anwp-pg-post-teaser__top-meta d-flex mb-2\">\n\t\t\t\t\t\t\t<\/div>\n\n\t\t\t\t\t\t\t<div class=\"d-flex flex-column anwp-pg-post-teaser__category-column ml-auto\">\n\t\t\t\t\t<div class=\"anwp-pg-category__wrapper-filled px-2 d-flex align-items-center anwp-pg-post-teaser__category-wrapper align-self-end anwp-pg-category-parent-0\" style=\"background-color: #1565C0\"><span>Sa\u00fade<\/span><\/div>\t\t\t\t<\/div>\n\t\t\t\n\t\t\t<div class=\"anwp-pg-post-teaser__title anwp-font-heading mt-auto mb-1\">\n\t\t\t\tA influ\u00eancia dos tra\u00e7os parentais no neurodesenvolvimento das crian\u00e7as\t\t\t<\/div>\n\n\t\t\t\t\t\t\t<div class=\"mb-2\"><\/div>\n\t\t\t\t\t<\/div>\n\n\t\t<a class=\"anwp-position-cover anwp-link-without-effects\" href=\"https:\/\/aldenice.com.br\/index.php\/2024\/03\/21\/a-influencia-dos-tracos-parentais-no-neurodesenvolvimento-das-criancas\/\" aria-hidden=\"true\" ><\/a>\n\t<\/div>\n<\/div>\n\t\t<\/div>\n\t\t<div class=\"anwp-col-sm-3 anwp-pg-hero-secondary-block-wrapper d-sm-none d-lg-block\">\n\t\t\t<div class=\"anwp-pg-post-teaser anwp-pg-post-teaser--layout-a anwp-pg-hero-secondary-block\">\n\t<div class=\"anwp-pg-post-teaser__thumbnail position-relative\">\n\n\t\t\n\t\t\t\t\t<img loading=\"lazy\" class=\"anwp-pg-post-teaser__thumbnail-img d-block anwp-pg-height-230 anwp-object-cover m-0 w-100\"\n\t\t\t\talt=\"Associa\u00e7\u00e3o entre regula\u00e7\u00e3o gen\u00e9tica da estrona e c\u00e2ncer endometrial\"\n\t\t\t\tsrc=\"https:\/\/aldenice.com.br\/wp-content\/uploads\/2024\/03\/girls-hugging-bear-plush-toy-scaled-e1711047818746.jpg\" \/>\n\t\t\n\t\t<div class=\"anwp-pg-post-teaser__muted_bg\"><\/div>\n\t\t<div class=\"anwp-pg-post-teaser__thumbnail-bg anwp-position-cover\"><\/div>\n\n\t\t<div class=\"anwp-pg-post-teaser__content d-flex flex-column anwp-position-cover\">\n\t\t\t<div class=\"anwp-pg-post-teaser__top-meta d-flex mb-2\">\n\t\t\t\t\t\t\t<\/div>\n\n\t\t\t\t\t\t\t<div class=\"d-flex flex-column anwp-pg-post-teaser__category-column ml-auto\">\n\t\t\t\t\t<div class=\"anwp-pg-category__wrapper-filled px-2 d-flex align-items-center anwp-pg-post-teaser__category-wrapper align-self-end anwp-pg-category-parent-0\" style=\"background-color: #1565C0\"><span>Sa\u00fade<\/span><\/div>\t\t\t\t<\/div>\n\t\t\t\n\t\t\t<div class=\"anwp-pg-post-teaser__title anwp-font-heading mt-auto mb-1\">\n\t\t\t\tAssocia\u00e7\u00e3o entre regula\u00e7\u00e3o gen\u00e9tica da estrona e c\u00e2ncer endometrial\t\t\t<\/div>\n\n\t\t\t\t\t\t\t<div class=\"mb-2\"><\/div>\n\t\t\t\t\t<\/div>\n\n\t\t<a class=\"anwp-position-cover anwp-link-without-effects\" href=\"https:\/\/aldenice.com.br\/index.php\/2024\/03\/21\/associacao-entre-regulacao-genetica-da-estrona-e-cancer-endometrial\/\" aria-hidden=\"true\" ><\/a>\n\t<\/div>\n<\/div>\n<div class=\"anwp-pg-post-teaser anwp-pg-post-teaser--layout-a anwp-pg-hero-secondary-block\">\n\t<div class=\"anwp-pg-post-teaser__thumbnail position-relative\">\n\n\t\t\n\t\t\t\t\t<img loading=\"lazy\" class=\"anwp-pg-post-teaser__thumbnail-img d-block anwp-pg-height-230 anwp-object-cover m-0 w-100\"\n\t\t\t\talt=\"Desvantagem de vizinhan\u00e7a associada a diferen\u00e7as na microestrutura do c\u00f3rtex cerebral\"\n\t\t\t\tsrc=\"https:\/\/aldenice.com.br\/wp-content\/uploads\/2023\/09\/Desvantagem-de-vizinhanca-associada-a-diferencas-na-microestrutura-do-cortex.jpg\" \/>\n\t\t\n\t\t<div class=\"anwp-pg-post-teaser__muted_bg\"><\/div>\n\t\t<div class=\"anwp-pg-post-teaser__thumbnail-bg anwp-position-cover\"><\/div>\n\n\t\t<div class=\"anwp-pg-post-teaser__content d-flex flex-column anwp-position-cover\">\n\t\t\t<div class=\"anwp-pg-post-teaser__top-meta d-flex mb-2\">\n\t\t\t\t\t\t\t<\/div>\n\n\t\t\t\t\t\t\t<div class=\"d-flex flex-column anwp-pg-post-teaser__category-column ml-auto\">\n\t\t\t\t\t<div class=\"anwp-pg-category__wrapper-filled px-2 d-flex align-items-center anwp-pg-post-teaser__category-wrapper align-self-end anwp-pg-category-parent-0\" style=\"background-color: #1565C0\"><span>Blog<\/span><\/div>\t\t\t\t<\/div>\n\t\t\t\n\t\t\t<div class=\"anwp-pg-post-teaser__title anwp-font-heading mt-auto mb-1\">\n\t\t\t\tDesvantagem de vizinhan\u00e7a associada a diferen\u00e7as na microestrutura do c\u00f3rtex cerebral\t\t\t<\/div>\n\n\t\t\t\t\t\t\t<div class=\"mb-2\"><\/div>\n\t\t\t\t\t<\/div>\n\n\t\t<a class=\"anwp-position-cover anwp-link-without-effects\" href=\"https:\/\/aldenice.com.br\/index.php\/2023\/09\/18\/desvantagem-de-vizinhanca-associada-a-diferencas-na-microestrutura-do-cortex-cerebral\/\" aria-hidden=\"true\" ><\/a>\n\t<\/div>\n<\/div>\n\t\t<\/div>\n\t<\/div>\n<\/div>\n\t\t\t\t<\/div>\n\t\t\t\t<\/div>\n\t\t\t\t\t<\/div>\n\t\t<\/div>\n\t\t\t\t\t<\/div>\n\t\t<\/section>\n\t\t\t\t<section class=\"elementor-section elementor-top-section elementor-element elementor-element-70bb5e5 elementor-section-boxed elementor-section-height-default elementor-section-height-default\" data-id=\"70bb5e5\" data-element_type=\"section\" data-e-type=\"section\">\n\t\t\t\t\t\t<div class=\"elementor-container elementor-column-gap-default\">\n\t\t\t\t\t<div class=\"elementor-column elementor-col-100 elementor-top-column elementor-element elementor-element-9cfd50e\" data-id=\"9cfd50e\" data-element_type=\"column\" data-e-type=\"column\">\n\t\t\t<div class=\"elementor-widget-wrap elementor-element-populated\">\n\t\t\t\t\t\t<div class=\"elementor-element elementor-element-4525ec1 elementor-grid-eael-col-4 elementor-grid-tablet-eael-col-2 elementor-grid-mobile-eael-col-1 elementor-widget elementor-widget-eael-post-grid\" data-id=\"4525ec1\" data-element_type=\"widget\" data-e-type=\"widget\" data-settings=\"{&quot;eael_post_grid_columns&quot;:&quot;eael-col-4&quot;,&quot;eael_post_grid_columns_tablet&quot;:&quot;eael-col-2&quot;,&quot;eael_post_grid_columns_mobile&quot;:&quot;eael-col-1&quot;}\" data-widget_type=\"eael-post-grid.default\">\n\t\t\t\t<div class=\"elementor-widget-container\">\n\t\t\t\t\t<div id=\"eael-post-grid-4525ec1\" class=\"eael-post-grid-container\">\n            <div class=\"eael-post-grid eael-post-appender eael-post-appender-4525ec1 eael-post-grid-style-one\" data-layout-mode=\"masonry\"><article class=\"eael-grid-post  eael-post-grid-column eael-pg-post-363 category-blog tags-corporal-depressao-importancia-inflamacao-origem-peso-qual\" data-id=\"363\">\n        <div class=\"eael-grid-post-holder\">\n            <div class=\"eael-grid-post-holder-inner\"><div class=\"eael-entry-media\"><div class=\"eael-entry-overlay fade-in\"><i class=\"fas fa-long-arrow-alt-right\" aria-hidden=\"true\"><\/i><a href=\"https:\/\/aldenice.com.br\/index.php\/2023\/09\/18\/qual-a-importancia-da-inflamacao-e-do-peso-corporal-na-origem-da-depressao\/\"><\/a><\/div><div class=\"eael-entry-thumbnail eael-image-ratio\">\n                <img fetchpriority=\"high\" decoding=\"async\" width=\"2000\" height=\"1333\" src=\"https:\/\/aldenice.com.br\/wp-content\/uploads\/2023\/09\/Qual-a-importancia-da-inflamacao-e-do-peso-corporal-na.jpg\" class=\"attachment-full size-full wp-image-364\" alt=\"Body mass index and inflammation in depression and treatment-resistant depression: a Mendelian randomisation study\" srcset=\"https:\/\/aldenice.com.br\/wp-content\/uploads\/2023\/09\/Qual-a-importancia-da-inflamacao-e-do-peso-corporal-na.jpg 2000w, https:\/\/aldenice.com.br\/wp-content\/uploads\/2023\/09\/Qual-a-importancia-da-inflamacao-e-do-peso-corporal-na-300x200.jpg 300w, https:\/\/aldenice.com.br\/wp-content\/uploads\/2023\/09\/Qual-a-importancia-da-inflamacao-e-do-peso-corporal-na-1024x682.jpg 1024w, https:\/\/aldenice.com.br\/wp-content\/uploads\/2023\/09\/Qual-a-importancia-da-inflamacao-e-do-peso-corporal-na-768x512.jpg 768w, https:\/\/aldenice.com.br\/wp-content\/uploads\/2023\/09\/Qual-a-importancia-da-inflamacao-e-do-peso-corporal-na-1536x1024.jpg 1536w\" sizes=\"(max-width: 2000px) 100vw, 2000px\" \/>\n            <\/div>\n        <\/div><div class=\"eael-entry-wrapper\"><header class=\"eael-entry-header\"><h2 class=\"eael-entry-title\"><a class=\"eael-grid-post-link\" href=\"https:\/\/aldenice.com.br\/index.php\/2023\/09\/18\/qual-a-importancia-da-inflamacao-e-do-peso-corporal-na-origem-da-depressao\/\" title=\"Qual a import\u00e2ncia da inflama\u00e7\u00e3o e do peso corporal na origem da depress\u00e3o?\">Qual a import\u00e2ncia da inflama\u00e7\u00e3o e do peso corporal na origem da depress\u00e3o?<\/a><\/h2><\/header><div class=\"eael-entry-content\">\n                        <div class=\"eael-grid-post-excerpt\"><a href=\"https:\/\/aldenice.com.br\/index.php\/2023\/09\/18\/qual-a-importancia-da-inflamacao-e-do-peso-corporal-na-origem-da-depressao\/\" class=\"eael-post-elements-readmore-btn\">Leia mais...<\/a><\/div>\n                    <\/div><\/div><\/div>\n        <\/div>\n    <\/article><article class=\"eael-grid-post  eael-post-grid-column eael-pg-post-346 category-blog tags-adaptada-aprovada-covid19-mhra-moderna-omicron-para-pela-vacina-voltada-xbb-1-5\" data-id=\"346\">\n        <div class=\"eael-grid-post-holder\">\n            <div class=\"eael-grid-post-holder-inner\"><div class=\"eael-entry-media\"><div class=\"eael-entry-overlay fade-in\"><i class=\"fas fa-long-arrow-alt-right\" aria-hidden=\"true\"><\/i><a href=\"https:\/\/aldenice.com.br\/index.php\/2023\/09\/15\/vacina-covid-19-adaptada-da-moderna-voltada-para-omicron-xbb-1-5-aprovada-pela-mhra\/\"><\/a><\/div><div class=\"eael-entry-thumbnail eael-image-ratio\">\n                <img decoding=\"async\" width=\"620\" height=\"480\" src=\"https:\/\/aldenice.com.br\/wp-content\/uploads\/2023\/09\/Vacina-COVID-19-adaptada-da-Moderna-voltada-para-Omicron-XBB15-aprovada.jpg\" class=\"attachment-full size-full wp-image-347\" alt=\"Vacina COVID-19 adaptada da Moderna voltada para Omicron XBB.1.5 aprovada pela MHRA\" srcset=\"https:\/\/aldenice.com.br\/wp-content\/uploads\/2023\/09\/Vacina-COVID-19-adaptada-da-Moderna-voltada-para-Omicron-XBB15-aprovada.jpg 620w, https:\/\/aldenice.com.br\/wp-content\/uploads\/2023\/09\/Vacina-COVID-19-adaptada-da-Moderna-voltada-para-Omicron-XBB15-aprovada-300x232.jpg 300w\" sizes=\"(max-width: 620px) 100vw, 620px\" \/>\n            <\/div>\n        <\/div><div class=\"eael-entry-wrapper\"><header class=\"eael-entry-header\"><h2 class=\"eael-entry-title\"><a class=\"eael-grid-post-link\" href=\"https:\/\/aldenice.com.br\/index.php\/2023\/09\/15\/vacina-covid-19-adaptada-da-moderna-voltada-para-omicron-xbb-1-5-aprovada-pela-mhra\/\" title=\"Vacina COVID-19 adaptada da Moderna voltada para Omicron XBB.1.5 aprovada pela MHRA\">Vacina COVID-19 adaptada da Moderna voltada para Omicron XBB.1.5 aprovada pela MHRA<\/a><\/h2><\/header><div class=\"eael-entry-content\">\n                        <div class=\"eael-grid-post-excerpt\"><a href=\"https:\/\/aldenice.com.br\/index.php\/2023\/09\/15\/vacina-covid-19-adaptada-da-moderna-voltada-para-omicron-xbb-1-5-aprovada-pela-mhra\/\" class=\"eael-post-elements-readmore-btn\">Leia mais...<\/a><\/div>\n                    <\/div><\/div><\/div>\n        <\/div>\n    <\/article><article class=\"eael-grid-post  eael-post-grid-column eael-pg-post-343 category-blog tags-contra-desenvolvimento-lutar-malaria-medicamentos-milhao-paises-para-pesquisador-purdue-recebe-resistente\" data-id=\"343\">\n        <div class=\"eael-grid-post-holder\">\n            <div class=\"eael-grid-post-holder-inner\"><div class=\"eael-entry-media\"><div class=\"eael-entry-overlay fade-in\"><i class=\"fas fa-long-arrow-alt-right\" aria-hidden=\"true\"><\/i><a href=\"https:\/\/aldenice.com.br\/index.php\/2023\/09\/15\/pesquisador-de-purdue-recebe-us-138-milhao-para-lutar-contra-a-malaria-resistente-a-medicamentos-em-paises-em-desenvolvimento\/\"><\/a><\/div><div class=\"eael-entry-thumbnail eael-image-ratio\">\n                <img decoding=\"async\" width=\"620\" height=\"480\" src=\"https:\/\/aldenice.com.br\/wp-content\/uploads\/2023\/09\/Pesquisador-de-Purdue-recebe-US-138-milhao-para-lutar-contra.jpg\" class=\"attachment-full size-full wp-image-344\" alt=\"Pesquisador de Purdue recebe US$ 1,38 milh\u00e3o para lutar contra a mal\u00e1ria resistente a medicamentos em pa\u00edses em desenvolvimento\" srcset=\"https:\/\/aldenice.com.br\/wp-content\/uploads\/2023\/09\/Pesquisador-de-Purdue-recebe-US-138-milhao-para-lutar-contra.jpg 620w, https:\/\/aldenice.com.br\/wp-content\/uploads\/2023\/09\/Pesquisador-de-Purdue-recebe-US-138-milhao-para-lutar-contra-300x232.jpg 300w\" sizes=\"(max-width: 620px) 100vw, 620px\" \/>\n            <\/div>\n        <\/div><div class=\"eael-entry-wrapper\"><header class=\"eael-entry-header\"><h2 class=\"eael-entry-title\"><a class=\"eael-grid-post-link\" href=\"https:\/\/aldenice.com.br\/index.php\/2023\/09\/15\/pesquisador-de-purdue-recebe-us-138-milhao-para-lutar-contra-a-malaria-resistente-a-medicamentos-em-paises-em-desenvolvimento\/\" title=\"Pesquisador de Purdue recebe US$ 1,38 milh\u00e3o para lutar contra a mal\u00e1ria resistente a medicamentos em pa\u00edses em desenvolvimento\">Pesquisador de Purdue recebe US$ 1,38 milh\u00e3o para lutar contra a mal\u00e1ria resistente a medicamentos em pa\u00edses em desenvolvimento<\/a><\/h2><\/header><div class=\"eael-entry-content\">\n                        <div class=\"eael-grid-post-excerpt\"><a href=\"https:\/\/aldenice.com.br\/index.php\/2023\/09\/15\/pesquisador-de-purdue-recebe-us-138-milhao-para-lutar-contra-a-malaria-resistente-a-medicamentos-em-paises-em-desenvolvimento\/\" class=\"eael-post-elements-readmore-btn\">Leia mais...<\/a><\/div>\n                    <\/div><\/div><\/div>\n        <\/div>\n    <\/article><article class=\"eael-grid-post  eael-post-grid-column eael-pg-post-338 category-blog tags-alzheimer-doenca-fatores-geneticos-identificar-nih-para-pesquisadores-recebem-subsidio\" data-id=\"338\">\n        <div class=\"eael-grid-post-holder\">\n            <div class=\"eael-grid-post-holder-inner\"><div class=\"eael-entry-media\"><div class=\"eael-entry-overlay fade-in\"><i class=\"fas fa-long-arrow-alt-right\" aria-hidden=\"true\"><\/i><a href=\"https:\/\/aldenice.com.br\/index.php\/2023\/09\/15\/pesquisadores-da-bu-recebem-subsidio-do-nih-para-identificar-fatores-geneticos-para-a-doenca-de-alzheimer\/\"><\/a><\/div><div class=\"eael-entry-thumbnail eael-image-ratio\">\n                <img loading=\"lazy\" decoding=\"async\" width=\"620\" height=\"480\" src=\"https:\/\/aldenice.com.br\/wp-content\/uploads\/2023\/09\/Pesquisadores-da-BU-recebem-subsidio-do-NIH-para-identificar-fatores.jpg\" class=\"attachment-full size-full wp-image-339\" alt=\"Pesquisadores da BU recebem subs\u00eddio do NIH para identificar fatores gen\u00e9ticos para a doen\u00e7a de Alzheimer\" srcset=\"https:\/\/aldenice.com.br\/wp-content\/uploads\/2023\/09\/Pesquisadores-da-BU-recebem-subsidio-do-NIH-para-identificar-fatores.jpg 620w, https:\/\/aldenice.com.br\/wp-content\/uploads\/2023\/09\/Pesquisadores-da-BU-recebem-subsidio-do-NIH-para-identificar-fatores-300x232.jpg 300w\" sizes=\"(max-width: 620px) 100vw, 620px\" \/>\n            <\/div>\n        <\/div><div class=\"eael-entry-wrapper\"><header class=\"eael-entry-header\"><h2 class=\"eael-entry-title\"><a class=\"eael-grid-post-link\" href=\"https:\/\/aldenice.com.br\/index.php\/2023\/09\/15\/pesquisadores-da-bu-recebem-subsidio-do-nih-para-identificar-fatores-geneticos-para-a-doenca-de-alzheimer\/\" title=\"Pesquisadores da BU recebem subs\u00eddio do NIH para identificar fatores gen\u00e9ticos para a doen\u00e7a de Alzheimer\">Pesquisadores da BU recebem subs\u00eddio do NIH para identificar fatores gen\u00e9ticos para a doen\u00e7a de Alzheimer<\/a><\/h2><\/header><div class=\"eael-entry-content\">\n                        <div class=\"eael-grid-post-excerpt\"><a href=\"https:\/\/aldenice.com.br\/index.php\/2023\/09\/15\/pesquisadores-da-bu-recebem-subsidio-do-nih-para-identificar-fatores-geneticos-para-a-doenca-de-alzheimer\/\" class=\"eael-post-elements-readmore-btn\">Leia mais...<\/a><\/div>\n                    <\/div><\/div><\/div>\n        <\/div>\n    <\/article><\/div>\n            <div class=\"clearfix\"><\/div>\n        <\/div>            <div class=\"eael-load-more-button-wrap eael-force-hide\">\n                <button class=\"eael-load-more-button\" id=\"eael-load-more-btn-4525ec1\" data-widget-id=\"4525ec1\" data-widget=\"4525ec1\" data-page-id=\"6\" data-template=\"{&quot;dir&quot;:&quot;lite&quot;,&quot;file_name&quot;:&quot;one.php&quot;,&quot;name&quot;:&quot;Post-Grid&quot;}\" data-class=\"Essential_Addons_Elementor\\Elements\\Post_Grid\" data-layout=\"masonry\" data-page=\"1\" data-args=\"orderby=date&amp;order=desc&amp;ignore_sticky_posts=1&amp;post_status=publish&amp;posts_per_page=4&amp;offset=5&amp;post_type=post\" data-max-page=\"7\">\n                    <span class=\"eael-btn-loader button__loader\"><\/span>\n                    <span class=\"eael_load_more_text\">Carregar mais<\/span>\n                <\/button>\n            <\/div>\n            \t\t\t\t<\/div>\n\t\t\t\t<\/div>\n\t\t\t\t\t<\/div>\n\t\t<\/div>\n\t\t\t\t\t<\/div>\n\t\t<\/section>\n\t\t\t\t<\/div>\n\t\t","protected":false},"excerpt":{"rendered":"<p>aldenice Aldenice Torres Viana Blog Automedica\u00e7\u00e3o: Um risco Oculto Blog Sa\u00fade Mental Materna Blog De olho nos Baixinhos: S\u00edndrome M\u00e3o-P\u00e9-Boca Blog Rec\u00e9m-nascido: 8 Cuidados Essenciais para Garantir seu Bem-Estar 4 MOTIVOS PARA VISITAR UM M\u00c9DICO REGULARMENTE! Leia mais&#8230; TRANQUILIDADE E SEGURAN\u00c7A PARA SUA FAM\u00cdLIA COM OS PLANOS DE SA\u00daDE UNIMED Leia mais&#8230; VIROSE: Sintomas e [&hellip;]<\/p>\n","protected":false},"author":1,"featured_media":0,"parent":0,"menu_order":0,"comment_status":"closed","ping_status":"closed","template":"","meta":{"site-sidebar-layout":"no-sidebar","site-content-layout":"page-builder","ast-site-content-layout":"full-width-container","site-content-style":"default","site-sidebar-style":"default","ast-global-header-display":"","ast-banner-title-visibility":"","ast-main-header-display":"","ast-hfb-above-header-display":"","ast-hfb-below-header-display":"","ast-hfb-mobile-header-display":"","site-post-title":"disabled","ast-breadcrumbs-content":"","ast-featured-img":"disabled","footer-sml-layout":"","ast-disable-related-posts":"","theme-transparent-header-meta":"","adv-header-id-meta":"","stick-header-meta":"","header-above-stick-meta":"","header-main-stick-meta":"","header-below-stick-meta":"","astra-migrate-meta-layouts":"default","ast-page-background-enabled":"default","ast-page-background-meta":{"desktop":{"background-color":"var(--ast-global-color-4)","background-image":"","background-repeat":"repeat","background-position":"center center","background-size":"auto","background-attachment":"scroll","background-type":"","background-media":"","overlay-type":"","overlay-color":"","overlay-opacity":"","overlay-gradient":""},"tablet":{"background-color":"","background-image":"","background-repeat":"repeat","background-position":"center center","background-size":"auto","background-attachment":"scroll","background-type":"","background-media":"","overlay-type":"","overlay-color":"","overlay-opacity":"","overlay-gradient":""},"mobile":{"background-color":"","background-image":"","background-repeat":"repeat","background-position":"center center","background-size":"auto","background-attachment":"scroll","background-type":"","background-media":"","overlay-type":"","overlay-color":"","overlay-opacity":"","overlay-gradient":""}},"ast-content-background-meta":{"desktop":{"background-color":"var(--ast-global-color-5)","background-image":"","background-repeat":"repeat","background-position":"center center","background-size":"auto","background-attachment":"scroll","background-type":"","background-media":"","overlay-type":"","overlay-color":"","overlay-opacity":"","overlay-gradient":""},"tablet":{"background-color":"var(--ast-global-color-5)","background-image":"","background-repeat":"repeat","background-position":"center center","background-size":"auto","background-attachment":"scroll","background-type":"","background-media":"","overlay-type":"","overlay-color":"","overlay-opacity":"","overlay-gradient":""},"mobile":{"background-color":"var(--ast-global-color-5)","background-image":"","background-repeat":"repeat","background-position":"center center","background-size":"auto","background-attachment":"scroll","background-type":"","background-media":"","overlay-type":"","overlay-color":"","overlay-opacity":"","overlay-gradient":""}},"footnotes":""},"class_list":["post-6","page","type-page","status-publish","hentry"],"_links":{"self":[{"href":"https:\/\/aldenice.com.br\/index.php\/wp-json\/wp\/v2\/pages\/6","targetHints":{"allow":["GET"]}}],"collection":[{"href":"https:\/\/aldenice.com.br\/index.php\/wp-json\/wp\/v2\/pages"}],"about":[{"href":"https:\/\/aldenice.com.br\/index.php\/wp-json\/wp\/v2\/types\/page"}],"author":[{"embeddable":true,"href":"https:\/\/aldenice.com.br\/index.php\/wp-json\/wp\/v2\/users\/1"}],"replies":[{"embeddable":true,"href":"https:\/\/aldenice.com.br\/index.php\/wp-json\/wp\/v2\/comments?post=6"}],"version-history":[{"count":7,"href":"https:\/\/aldenice.com.br\/index.php\/wp-json\/wp\/v2\/pages\/6\/revisions"}],"predecessor-version":[{"id":306,"href":"https:\/\/aldenice.com.br\/index.php\/wp-json\/wp\/v2\/pages\/6\/revisions\/306"}],"wp:attachment":[{"href":"https:\/\/aldenice.com.br\/index.php\/wp-json\/wp\/v2\/media?parent=6"}],"curies":[{"name":"wp","href":"https:\/\/api.w.org\/{rel}","templated":true}]}}