{"id":92,"date":"2023-08-09T18:33:09","date_gmt":"2023-08-09T21:33:09","guid":{"rendered":"https:\/\/aldenice.com.br\/?page_id=92"},"modified":"2024-10-09T19:51:41","modified_gmt":"2024-10-09T22:51:41","slug":"amil","status":"publish","type":"page","link":"https:\/\/aldenice.com.br\/index.php\/amil\/","title":{"rendered":"Amil"},"content":{"rendered":"\t\t<div data-elementor-type=\"wp-page\" data-elementor-id=\"92\" class=\"elementor elementor-92\">\n\t\t\t\t<div class=\"elementor-element elementor-element-ed486b8 e-con-full e-flex e-con e-parent\" data-id=\"ed486b8\" data-element_type=\"container\" data-e-type=\"container\" data-settings=\"{&quot;background_background&quot;:&quot;classic&quot;}\">\n\t\t\t\t<div class=\"elementor-element elementor-element-75de31b elementor-widget elementor-widget-heading\" data-id=\"75de31b\" data-element_type=\"widget\" data-e-type=\"widget\" data-widget_type=\"heading.default\">\n\t\t\t\t<div class=\"elementor-widget-container\">\n\t\t\t\t\t<h2 class=\"elementor-heading-title elementor-size-default\">Amil<\/h2>\t\t\t\t<\/div>\n\t\t\t\t<\/div>\n\t\t\t\t<\/div>\n\t\t<div class=\"elementor-element elementor-element-64ffa9a e-con-full e-flex e-con e-parent\" data-id=\"64ffa9a\" data-element_type=\"container\" data-e-type=\"container\" data-settings=\"{&quot;background_background&quot;:&quot;classic&quot;}\">\n\t\t\t\t<div class=\"elementor-element elementor-element-fb7f6bd elementor-widget elementor-widget-image\" data-id=\"fb7f6bd\" data-element_type=\"widget\" data-e-type=\"widget\" data-widget_type=\"image.default\">\n\t\t\t\t<div class=\"elementor-widget-container\">\n\t\t\t\t\t\t\t\t\t\t\t\t\t\t\t<img fetchpriority=\"high\" decoding=\"async\" width=\"1024\" height=\"1024\" src=\"https:\/\/aldenice.com.br\/wp-content\/uploads\/2024\/10\/amil.jpg\" class=\"attachment-large size-large wp-image-1091\" alt=\"\" srcset=\"https:\/\/aldenice.com.br\/wp-content\/uploads\/2024\/10\/amil.jpg 1024w, https:\/\/aldenice.com.br\/wp-content\/uploads\/2024\/10\/amil-300x300.jpg 300w, https:\/\/aldenice.com.br\/wp-content\/uploads\/2024\/10\/amil-150x150.jpg 150w, https:\/\/aldenice.com.br\/wp-content\/uploads\/2024\/10\/amil-768x768.jpg 768w\" sizes=\"(max-width: 1024px) 100vw, 1024px\" \/>\t\t\t\t\t\t\t\t\t\t\t\t\t\t\t<\/div>\n\t\t\t\t<\/div>\n\t\t\t\t<\/div>\n\t\t<div class=\"elementor-element elementor-element-90bf072 e-con-full e-flex e-con e-parent\" data-id=\"90bf072\" data-element_type=\"container\" data-e-type=\"container\">\n\t\t\t\t<div class=\"elementor-element elementor-element-ed93cad elementor-widget elementor-widget-text-editor\" data-id=\"ed93cad\" data-element_type=\"widget\" data-e-type=\"widget\" data-widget_type=\"text-editor.default\">\n\t\t\t\t<div class=\"elementor-widget-container\">\n\t\t\t\t\t\t\t\t\t<p>A Amil \u00e9 uma das maiores operadoras de sa\u00fade do Brasil, conhecida por seu compromisso em oferecer servi\u00e7os de sa\u00fade de alta qualidade e acess\u00edveis para todos os seus clientes. Com uma ampla rede de hospitais, cl\u00ednicas e profissionais de sa\u00fade credenciados, a Amil proporciona solu\u00e7\u00f5es completas para atender \u00e0s suas necessidades, seja em consultas de rotina, emerg\u00eancias ou tratamentos especializados. A empresa se destaca pelo investimento em inova\u00e7\u00e3o e tecnologia, garantindo que voc\u00ea tenha acesso aos melhores recursos e um atendimento \u00e1gil, humanizado e eficiente. Escolher a Amil \u00e9 optar por cuidado, seguran\u00e7a e confian\u00e7a para sua sa\u00fade e a de sua fam\u00edlia.<\/p>\t\t\t\t\t\t\t\t<\/div>\n\t\t\t\t<\/div>\n\t\t\t\t<\/div>\n\t\t\t\t<\/div>\n\t\t","protected":false},"excerpt":{"rendered":"<p>Amil A Amil \u00e9 uma das maiores operadoras de sa\u00fade do Brasil, conhecida por seu compromisso em oferecer servi\u00e7os de sa\u00fade de alta qualidade e acess\u00edveis para todos os seus clientes. Com uma ampla rede de hospitais, cl\u00ednicas e profissionais de sa\u00fade credenciados, a Amil proporciona solu\u00e7\u00f5es completas para atender \u00e0s suas necessidades, seja em [&hellip;]<\/p>\n","protected":false},"author":1,"featured_media":0,"parent":0,"menu_order":0,"comment_status":"closed","ping_status":"closed","template":"","meta":{"site-sidebar-layout":"default","site-content-layout":"default","ast-site-content-layout":"default","site-content-style":"default","site-sidebar-style":"default","ast-global-header-display":"","ast-banner-title-visibility":"","ast-main-header-display":"","ast-hfb-above-header-display":"","ast-hfb-below-header-display":"","ast-hfb-mobile-header-display":"","site-post-title":"disabled","ast-breadcrumbs-content":"","ast-featured-img":"","footer-sml-layout":"","ast-disable-related-posts":"","theme-transparent-header-meta":"default","adv-header-id-meta":"","stick-header-meta":"","header-above-stick-meta":"","header-main-stick-meta":"","header-below-stick-meta":"","astra-migrate-meta-layouts":"set","ast-page-background-enabled":"default","ast-page-background-meta":{"desktop":{"background-color":"var(--ast-global-color-4)","background-image":"","background-repeat":"repeat","background-position":"center center","background-size":"auto","background-attachment":"scroll","background-type":"","background-media":"","overlay-type":"","overlay-color":"","overlay-opacity":"","overlay-gradient":""},"tablet":{"background-color":"","background-image":"","background-repeat":"repeat","background-position":"center center","background-size":"auto","background-attachment":"scroll","background-type":"","background-media":"","overlay-type":"","overlay-color":"","overlay-opacity":"","overlay-gradient":""},"mobile":{"background-color":"","background-image":"","background-repeat":"repeat","background-position":"center center","background-size":"auto","background-attachment":"scroll","background-type":"","background-media":"","overlay-type":"","overlay-color":"","overlay-opacity":"","overlay-gradient":""}},"ast-content-background-meta":{"desktop":{"background-color":"var(--ast-global-color-5)","background-image":"","background-repeat":"repeat","background-position":"center center","background-size":"auto","background-attachment":"scroll","background-type":"","background-media":"","overlay-type":"","overlay-color":"","overlay-opacity":"","overlay-gradient":""},"tablet":{"background-color":"var(--ast-global-color-5)","background-image":"","background-repeat":"repeat","background-position":"center center","background-size":"auto","background-attachment":"scroll","background-type":"","background-media":"","overlay-type":"","overlay-color":"","overlay-opacity":"","overlay-gradient":""},"mobile":{"background-color":"var(--ast-global-color-5)","background-image":"","background-repeat":"repeat","background-position":"center center","background-size":"auto","background-attachment":"scroll","background-type":"","background-media":"","overlay-type":"","overlay-color":"","overlay-opacity":"","overlay-gradient":""}},"footnotes":""},"class_list":["post-92","page","type-page","status-publish","hentry"],"_links":{"self":[{"href":"https:\/\/aldenice.com.br\/index.php\/wp-json\/wp\/v2\/pages\/92","targetHints":{"allow":["GET"]}}],"collection":[{"href":"https:\/\/aldenice.com.br\/index.php\/wp-json\/wp\/v2\/pages"}],"about":[{"href":"https:\/\/aldenice.com.br\/index.php\/wp-json\/wp\/v2\/types\/page"}],"author":[{"embeddable":true,"href":"https:\/\/aldenice.com.br\/index.php\/wp-json\/wp\/v2\/users\/1"}],"replies":[{"embeddable":true,"href":"https:\/\/aldenice.com.br\/index.php\/wp-json\/wp\/v2\/comments?post=92"}],"version-history":[{"count":85,"href":"https:\/\/aldenice.com.br\/index.php\/wp-json\/wp\/v2\/pages\/92\/revisions"}],"predecessor-version":[{"id":1181,"href":"https:\/\/aldenice.com.br\/index.php\/wp-json\/wp\/v2\/pages\/92\/revisions\/1181"}],"wp:attachment":[{"href":"https:\/\/aldenice.com.br\/index.php\/wp-json\/wp\/v2\/media?parent=92"}],"curies":[{"name":"wp","href":"https:\/\/api.w.org\/{rel}","templated":true}]}}